ctors of 36648?
2, 3, 509
What are the prime factors of 2325?
3, 5, 31
What are the prime factors of 7279?
29, 251
List the prime factors of 2663.
2663
What are the prime factors of 17988?
2, 3, 1499
What are the prime factors of 263?
263
List the prime factors of 2400.
2, 3, 5
List the prime factors of 22095.
3, 5, 491
List the prime factors of 108352.
2, 1693
List the prime factors of 2414.
2, 17, 71
List the prime factors of 46859.
47, 997
List the prime factors of 1424.
2, 89
List the prime factors of 12931.
67, 193
List the prime factors of 82758.
2, 3, 13, 1061
List the prime factors of 26314.
2, 59, 223
What are the prime factors of 39809?
7, 11, 47
List the prime factors of 6581.
6581
What are the prime factors of 15591?
3, 5197
List the prime factors of 485.
5, 97
List the prime factors of 3413.
3413
List the prime factors of 2187.
3
List the prime factors of 9806.
2, 4903
What are the prime factors of 10807?
101, 107
What are the prime factors of 21578?
2, 10789
What are the prime factors of 22022?
2, 7, 11, 13
What are the prime factors of 776?
2, 97
List the prime factors of 3639.
3, 1213
List the prime factors of 6261.
3, 2087
What are the prime factors of 2885?
5, 577
What are the prime factors of 11302?
2, 5651
List the prime factors of 75423.
3, 31, 811
List the prime factors of 4269.
3, 1423
What are the prime factors of 21270?
2, 3, 5, 709
What are the prime factors of 5229?
3, 7, 83
List the prime factors of 1115.
5, 223
What are the prime factors of 2636?
2, 659
List the prime factors of 40725.
3, 5, 181
What are the prime factors of 48539?
48539
List the prime factors of 3160.
2, 5, 79
What are the prime factors of 570?
2, 3, 5, 19
List the prime factors of 49935.
3, 5, 3329
List the prime factors of 105119.
7, 15017
List the prime factors of 45.
3, 5
What are the prime factors of 1229?
1229
List the prime factors of 48.
2, 3
List the prime factors of 7586.
2, 3793
List the prime factors of 11937.
3, 23, 173
What are the prime factors of 112154?
2, 7, 8011
What are the prime factors of 179363?
83, 2161
List the prime factors of 269.
269
What are the prime factors of 124541?
124541
What are the prime factors of 28899?
3, 13, 19
List the prime factors of 6761.
6761
What are the prime factors of 10646?
2, 5323
List the prime factors of 56038.
2, 28019
List the prime factors of 64493.
11, 13, 41
List the prime factors of 1235.
5, 13, 19
What are the prime factors of 28189?
7, 4027
What are the prime factors of 65157?
3, 37, 587
What are the prime factors of 482?
2, 241
List the prime factors of 14877.
3, 19, 29
List the prime factors of 23511.
3, 17, 461
List the prime factors of 5142.
2, 3, 857
List the prime factors of 2815.
5, 563
List the prime factors of 45153.
3, 29, 173
What are the prime factors of 7028?
2, 7, 251
List the prime factors of 6211.
6211
What are the prime factors of 4202?
2, 11, 191
List the prime factors of 1331.
11
List the prime factors of 871.
13, 67
List the prime factors of 20360.
2, 5, 509
List the prime factors of 9126.
2, 3, 13
List the prime factors of 1492.
2, 373
What are the prime factors of 463?
463
List the prime factors of 68139.
3, 67, 113
List the prime factors of 42.
2, 3, 7
List the prime factors of 2200.
2, 5, 11
List the prime factors of 1143.
3, 127
List the prime factors of 43763.
107, 409
List the prime factors of 6381.
3, 709
What are the prime factors of 1086?
2, 3, 181
List the prime factors of 2352.
2, 3, 7
What are the prime factors of 930?
2, 3, 5, 31
What are the prime factors of 1829?
31, 59
What are the prime factors of 14348?
2, 17, 211
What are the prime factors of 5740?
2, 5, 7, 41
What are the prime factors of 48273?
3, 16091
What are the prime factors of 6389?
6389
List the prime factors of 1302.
2, 3, 7, 31
List the prime factors of 214.
2, 107
List the prime factors of 19413.
3, 719
What are the prime factors of 59228?
2, 13, 17, 67
What are the prime factors of 3036?
2, 3, 11, 23
What are the prime factors of 16961?
7, 2423
List the prime factors of 63.
3, 7
List the prime factors of 70349.
103, 683
What are the prime factors of 4772?
2, 1193
What are the prime factors of 980?
2, 5, 7
List the prime factors of 122642.
2, 13, 53, 89
What are the prime factors of 2264?
2, 283
List the prime factors of 7729.
59, 131
List the prime factors of 72321.
3, 24107
List the prime factors of 3328.
2, 13
What are the prime factors of 3544?
2, 443
List the prime factors of 10706.
2, 53, 101
What are the prime factors of 23111?
11, 191
List the prime factors of 11264.
2, 11
What are the prime factors of 2687?
2687
What are the prime factors of 19876?
2, 4969
What are the prime factors of 9036?
2, 3, 251
What are the prime factors of 2547?
3, 283
List the prime factors of 13863.
3, 4621
What are the prime factors of 514?
2, 257
List the prime factors of 71.
71
What are the prime factors of 6744?
2, 3, 281
List the prime factors of 74.
2, 37
What are the prime factors of 285?
3, 5, 19
What are the prime factors of 60984?
2, 3, 7, 11
What are the prime factors of 1407?
3, 7, 67
What are the prime factors of 6709?
6709
What are the prime factors of 13063?
13063
What are the prime factors of 12385?
5, 2477
What are the prime factors of 130793?
13, 10061
What are the prime factors of 10054?
2, 11, 457
List the prime factors of 50055.
3, 5, 47, 71
List the prime factors of 2213.
2213
What are the prime factors of 1999?
1999
What are the prime factors of 23500?
2, 5, 47
List the prime factors of 1705.
5, 11, 31
What are the prime factors of 16726?
2, 8363
List the prime factors of 837.
3, 31
What are the prime factors of 3663?
3, 11, 37
What are the prime factors of 275?
5, 11
What are the prime factors of 1826?
2, 11, 83
What are the prime factors of 33?
3, 11
What are the prime factors of 830?
2, 5, 83
List the prime factors of 27457.
27457
What are the prime factors of 4911?
3, 1637
List the prime factors of 1030.
2, 5, 103
List the prime factors of 30188.
2, 7547
List the prime factors of 748.
2, 11, 17
What are the prime factors of 37143?
3, 4127
What are the prime factors of 51402?
2, 3, 13, 659
List the prime factors of 37271.
13, 47, 61
What are the prime factors of 13582?
2, 6791
List the prime factors of 119645.
5, 23929
List the prime factors of 832.
2, 13
List the prime factors of 526.
2, 263
What are the prime factors of 28464?
2, 3, 593
What are the prime factors of 10010?
2, 5, 7, 11, 13
List the prime factors of 24748.
2, 23, 269
List the prime factors of 1584.
2, 3, 11
What are the prime factors of 85687?
7, 12241
List the prime factors of 12433.
12433
List the prime factors of 6287.
6287
List the prime factors of 255.
3, 5, 17
What are the prime factors of 350?
2, 5, 7
What are the prime factors of 76132?
2, 7, 2719
List the prime factors of 26084.
2, 6521
What are the prime factors of 182?
2, 7, 13
What are the prime factors of 2533?
17, 149
What are the prime factors of 1177?
11, 107
What are the prime factors of 602?
2, 7, 43
List the prime factors of 7495.
5, 1499
What are the prime factors of 84292?
2, 13, 1621
List the prime factors of 13421.
13421
What are the prime factors of 4554?
2, 3, 11, 23
What are the prime factors of 31043?
37, 839
List the prime factors of 97441.
97441
List the prime factors of 148.
2, 37
List the prime factors of 6754.
2, 11, 307
What are the prime factors of 307?
307
List the prime factors of 34147.
34147
List the prime factors of 103354.
2, 31, 1667
What are the prime factors of 2882?
2, 11, 131
List the prime factors of 2670.
2, 3, 5, 89
List the prime factors of 2575.
5, 103
What are the prime factors of 11911?
43, 277
What are the prime factors of 20896?
2, 653
List the prime factors of 10681.
11, 971
What are the prime factors of 19787?
47, 421
What are the prime factors of 350?
2, 5, 7
List the prime factors of 11878.
2, 5939
What are the prime factors of 7776?
2, 3
What are the prime factors of 46151?
7, 19, 347
List the prime factors of 79703.
13, 6131
List the prime factors of 3407.
3407
What are the prime factors of 30354?
2, 3, 5059
List the prime factors of 1234.
2, 617
What are the prime factors of 2844?
2, 3, 79
What are the prime factors of 1931?
1931
List the prime factors of 895.
5, 179
List the prime factors of 